me factors of c?
2, 3, 97
Let v = 50 + -67. Let y = -6 - v. List the prime factors of y.
11
Suppose -2*y = 1206 - 3764. List the prime factors of y.
1279
Let r be 11/(-2*(-2)/16). Let t = -1 + -15. Let m = t + r. What are the prime factors of m?
2, 7
Let x(n) = n - 7. Let g be x(8). Suppose 0 = 3*i - v - 12, 3*i - 4*v - 11 - g = 0. What are the prime factors of i?
2
Let k = 4 - -3. Let l be (-7)/k - 26/(-2). Suppose 4*d = -3*x + 73, 3*d - 4*x + l = 48. What are the prime factors of d?
2
Suppose -4*y = -4*q, 6 = -4*y - 4*q + 6*q. Let s be ((-4)/10)/(y/15). Suppose -s*x + 63 = -5*n + 1, -5*x - 3*n = -186. What are the prime factors of x?
2, 3
What are the prime factors of (-22 + 19)/((-1)/309)?
3, 103
List the prime factors of 6*(-1866)/(-45)*5.
2, 311
Suppose 86 - 102 = -4*s. Suppose 3*x - 46 = s*f - 16, -x = 2*f. List the prime factors of x.
2, 3
Suppose 0 = 4*l - l - 3, 315 = 4*v - 5*l. Let i = 97 - v. List the prime factors of i.
17
Suppose 8*v - 972 = -4*w + 12*v, 0 = 4*w + 3*v - 979. List the prime factors of w.
2, 61
Suppose 0 = -0*a + a - 4. Let q be 8 - (4 + (1 - a)). What are the prime factors of 6/(q/((-14)/(-4)))?
3
Suppose -456*m = -454*m - 1108. What are the prime factors of m?
2, 277
Let l(y) = 19*y**3 + 7*y**2 - 9*y - 4. What are the prime factors of l(3)?
5, 109
Suppose 2*z = -3*t - 41 - 29, 2*t = -4*z - 44. Let n(r) = 2*r**2 - 5*r + 13. Let b be n(5). Let i = b + t. List the prime factors of i.
2, 7
Suppose -3*y + 44 = y. Let m(q) = y*q + 8 - 7*q - q**2 + 3*q. What are the prime factors of m(4)?
2, 5
Suppose 0 = -0*y + 5*y. Let h(d) = -d + 2. Let w be h(y). Suppose 4*k - 264 = -w*k. What are the prime factors of k?
2, 11
Suppose -5*c + 4*k = -6912, -2748 = -2*c - 4*k - 0*k. What are the prime factors of c?
2, 3, 5, 23
Let h be -231*(-1)/(-4 - -5). Let p be (-24)/(-14)*h/22. Let z = 24 - p. What are the prime factors of z?
2, 3
Let p(u) = u**3 - 4*u**2 + 2*u + 18. What are the prime factors of p(8)?
2, 5, 29
Let g(x) = -x**3 + 7*x**2 - 7*x - 2. Let j be g(6). Let p be ((-12)/j)/((-3)/(-30)). Let c = p + 9. List the prime factors of c.
2, 3
Suppose 3*r - 2*s - 15 = 0, -3*r + 3*s = -r - 15. Let t = 5 - r. What are the prime factors of -2*((-7)/t - 3)?
13
Let c = 33 - 37. Let y(h) = h + 12. List the prime factors of y(c).
2
Let s(z) = z**3 + 9*z**2 - 12*z - 17. Let k be s(-10). Suppose k*u - 567 - 327 = 0. List the prime factors of u.
2, 149
Let a(j) = -2*j + 436. What are the prime factors of a(0)?
2, 109
Let z(k) = -24*k. Let o be z(-1). Let r be o/(-60) - (-38)/(-5). Let i(a) = a**3 + 10*a**2 + 11*a. List the prime factors of i(r).
2, 5
Let x(q) = 11*q - 1. Let v be 3*(-6)/9*2. Let u be x(v). Let s = u + 68. What are the prime factors of s?
23
Suppose 2*n = -5*t + 10, 3*n = 2*n - t + 5. Let q(v) = v**3 + 3*v**2 - 3*v**2 - 4*v**2 - 3*v - 4. List the prime factors of q(n).
2, 3
Let h = -54 + 57. Suppose 45 = h*d - 63. What are the prime factors of d?
2, 3
Let v = -17 + 23. Suppose -f - v = 2*p, 0*p = -3*p - 3*f - 12. What are the prime factors of (5/(-10))/(p/172)?
43
Suppose -4*w = b - 91, -2*w + 3*b = 2*w - 111. Suppose 102 = 4*j - 38. Let m = j - w. What are the prime factors of m?
11
Suppose -16*f = -12751 + 1679. List the prime factors of f.
2, 173
Suppose 5*i - 855 = 5*j, 3*i - 3*j + 327 = 5*i. What are the prime factors of i/(4 - (1/(-2) + 3))?
2, 7
Let s(q) = -q**3 + 17*q**2 - 12*q + 7. What are the prime factors of s(13)?
17, 31
Suppose 4*p + 0*p - 8 = 0. Let i(m) = m**3 + p*m**2 + 0*m**3 - 4*m - 1 + 2*m - 2*m. What are the prime factors of i(3)?
2
Suppose -5*k = -0*k - 45. Suppose p - k = 4*u + u, -2*u - 10 = -2*p. Let q(c) = -c**2 + 6*c + 1. What are the prime factors of q(p)?
3
Let u(w) = -w + 14. Let y = 12 - 6. Suppose 10*g - y*g = -24. List the prime factors of u(g).
2, 5
Let z(s) = 35*s + 67. Let u(x) = 35*x + 69. Let n(y) = 4*u(y) - 5*z(y). List the prime factors of n(-10).
3, 97
Let a be ((-12)/10)/((-30)/200). Let x be 3 - 1/((-4)/a). Suppose -x*o + 102 = -3. List the prime factors of o.
3, 7
Let z be -1*(5 + 0 + -3). Let g be 1/(z - 26/(-14)). Let x(c) = -c**3 - 8*c**2 - 9*c - 5. List the prime factors of x(g).
3
Suppose -t = -3*g - 4*t - 156, 4*g + 3*t + 203 = 0. Let s = g - -101. Suppose -2*p + s = p. What are the prime factors of p?
2, 3
Let c be (69/(-2))/((-3)/36). What are the prime factors of (2/3)/(3/c)?
2, 23
Let y = 57 - 11. Suppose 95 = 2*q - 3*w, 64 = 3*q + 2*w - y. Suppose 0 = -5*u - 3*o - 14 + 246, u = o + q. What are the prime factors of u?
2, 11
Let v = 75 - -192. What are the prime factors of v?
3, 89
Let g be 1/(4 - (-212)/(-52)). Let m = g - -18. Suppose 0 = m*y - 4*y - 53. List the prime factors of y.
53
Let z(a) = -2*a**3 + 6*a**2 + 6*a - 5. What are the prime factors of z(3)?
13
Suppose -2*i + 5*i + 2*u = 9, 6 = 2*i + u. Suppose 0 = 2*a + i*s - 121, 2*a - 210 = -a + 5*s. What are the prime factors of a?
5, 13
Suppose 3*s - t = 49, -3*t = -3*s + 16 + 41. Suppose s + 41 = -4*r. What are the prime factors of r/91 + (-1018)/(-26)?
3, 13
Let a = 623 - -109. What are the prime factors of a?
2, 3, 61
Let s(n) = 25*n + 8 - 24*n + 1. Let v be s(-6). What are the prime factors of -2 - -1 - (-9 + v)?
5
Let b be 188/16*(-3 - -7). Suppose -7*f + b = -1437. What are the prime factors of f?
2, 53
Let v = 2245 + -1064. What are the prime factors of v?
1181
Let u = 27 - -914. List the prime factors of u.
941
Let w(o) = 274*o + 116. What are the prime factors of w(2)?
2, 83
Let a = -12 - -12. Suppose -2*i + a*r = r + 35, -4*i - 66 = -2*r. Let n = -10 - i. What are the prime factors of n?
7
Let u = 332 - -268. List the prime factors of u.
2, 3, 5
Suppose -2*i + 0*i = -96. Let s = i - 24. Let j = s - 0. What are the prime factors of j?
2, 3
Suppose -32*c - 1194 = -4138. What are the prime factors of c?
2, 23
Let w(a) = 34*a**2 + 5*a - 4. Let l be w(1). Let t = 76 - l. List the prime factors of t.
41
Let s(d) = -d**3 + d**2 + 2*d + 156. Let l be s(0). Suppose r = -4*k + 8*k + 52, 5*k + l = 3*r. What are the prime factors of r?
2, 13
Suppose 0*c + 13*c - 8*c = 0. Let w(m) = -m**3 + m**2 - 4*m + 242. List the prime factors of w(c).
2, 11
Suppose 0 = 15*w - 23*w + 720. What are the prime factors of w?
2, 3, 5
Suppose -m - 2 = -5*i - 13, -2*i + 5*m + 14 = 0. Let s = 10 + i. Suppose s = 2*a - 5. List the prime factors of a.
2, 3
What are the prime factors of -6 - 6320/(5 + -9)?
2, 787
Let u(q) = -628*q - 365. What are the prime factors of u(-6)?
41, 83
Suppose 2*w = w + 3. Suppose -12 = -w*n + 6*n. Let c = 18 - n. What are the prime factors of c?
2, 11
Suppose -u + 3*i = -7, -u + 0*i + 4*i + 5 = 0. Let j be -1*4*((-3)/(-4))/3. What are the prime factors of -5 - -1 - (j - u)?
2, 5
Let h = -7 - -8. Suppose 0 = 4*v + 20, v - h + 26 = 5*d. Suppose -n - 94 = -5*m, d*m + 3*n - 6 = 3*m. List the prime factors of m.
2, 3
Suppose 0 = -5*g - 21 + 1, 2*g = -3*v + 8713. List the prime factors of v.
3, 17, 19
Suppose -5*g - m = -2158, 2*g - 440 = g + 4*m. Suppose 4*v - g = -4*k, 0 = -k - 3*k - 8. List the prime factors of v.
2, 5, 11
What are the prime factors of 2/(-1) + (-4 - (2 + -513))?
5, 101
Let k = 1079 + -898. What are the prime factors of k?
181
Let i = 19 + -13. Suppose 2*b - 64 = 3*s, 0 = 2*b - i*b - 5*s + 172. Suppose -2*t = -4, -t - b = -0*p - 5*p. List the prime factors of p.
2
Let b(g) = g**3 + 13*g**2 + 15*g + 16. Let j be b(-11). Let c = -83 - j. Let v = -115 - c. What are the prime factors of v?
61
What are the prime factors of ((-1598)/141)/(2/(-69))?
17, 23
Suppose 4*k = 483 + 213. Let l = 0 - -6. Suppose k = l*t - 0*t. List the prime factors of t.
29
Suppose 5770 = 10*w - 2380. List the prime factors of w.
5, 163
Let d(l) = -32*l - 62. List the prime factors of d(-5).
2, 7
Let r = 101 + -150. Let a = r + 61. List the prime factors of a.
2, 3
Suppose 5*x - 5*o - 3744 = -o, -3*x - 3*o = -2268. List the prime factors of x.
2, 47
Let d(k) = -k + 15. Let j be d(0). Suppose 0 = -11*h - 35 + 134. Suppose -2*p + j = h. What are the prime factors of p?
3
Suppose -57*d - 1768 = -59*d. What are the prime factors of d?
2, 13, 17
Suppose 3*n = 2*n + 97. Suppose -o + 0*x + 3*x = -n, -o + 5*x = -107. Let y = o - 57. What are the prime factors of y?
5
Let v = -130 - -284. List the prime factors of v.
2, 7, 11
Let l(k)